87 + 22286. Determine m(c).
6
Let y(g) = 361*g**2 + 2*g - 721*g**2 + 1 + 361*g**2. Let p(u) = -5*u**2 - 14*u - 7. Let d(a) = -3*p(a) - 21*y(a). Calculate d(-1).
-6
Let d(j) be the first derivative of j**6/360 - j**5/120 - 3*j**4/8 + 25*j**3/3 + 2*j - 59. Let q(b) be the third derivative of d(b). Determine q(0).
-9
Let n(b) = 2*b + 23. Let u(f) = -f**2 + 24*f - 103. Let d be u(19). Determine n(d).
7
Let o(x) = 7204 + 7206 - x + 4*x - 14406. What is o(6)?
22
Let k(d) = -d**3 + 15*d**2 + 17*d - 16. Let r be k(16). Let o(q) = -2 + 4*q - 5199*q**2 + 5195*q**2 + r. Give o(2).
-10
Let w(m) = -18*m**2 - 13*m - 6. Let j(x) = 5*x**2 + 4*x + 2. Let k(v) = -7*j(v) - 2*w(v). What is k(-3)?
13
Suppose 5*k + 2*x - 32 = 6*x, 5*x - 10 = 0. Let m(y) be the first derivative of -3 - 1/4*y**4 + 7*y + 3*y**3 - 5*y**2. Determine m(k).
-9
Let l(r) = -r**2 + 4*r - 3. Let b be -90*((-40)/(-6) + -6). Let k be b/(-14) + (-4)/14. Calculate l(k).
-3
Let v(q) be the second derivative of -q**3 + 1/24*q**4 - 16*q + 0 + 3*q**2. Let h(y) be the first derivative of v(y). Give h(0).
-6
Let c(t) = t**3 + 19*t**2 + 3*t + 59. Suppose 42*o + 20 = -778. Determine c(o).
2
Let h(l) be the first derivative of l**3/3 + 2*l**2 + 7*l + 1362. What is h(6)?
67
Let q(c) be the first derivative of 3*c**2/2 + 18*c - 6029. What is q(-6)?
0
Suppose -430*j - 663 + 2813 = 0. Let a(m) be the second derivative of 0*m**2 + 1/2*m**j + 0*m**4 - 27*m + 0 + 1/6*m**3. Give a(1).
11
Suppose 160*n + 196 = 188*n. Let r(a) = 3*a - a**3 + a + 3 + a**2 - 3*a + 6*a**2. What is r(n)?
10
Let f(x) = -1305*x - x**3 - 70*x**2 + 2658*x + 60 - 1242*x + 17*x**2. Give f(-55).
5
Let d(t) = -4*t - 12*t + 3*t + 68*t**2 - 69*t**2 + 20. Let f be 310/(-31) + (-5 - -1). Determine d(f).
6
Let f(q) = -7*q**2 + 3*q + 3. Let o(g) = -4*g**2 + g + 2. Let c(t) = -6*f(t) + 11*o(t). Determine c(-7).
-45
Let j(n) = -3*n - 2. Let z(p) = -7*p - 5. Let d(l) = 9*j(l) - 4*z(l). Suppose -3*u - 5*s - 19 = 0, 4*u + 6 = 220*s - 217*s. Calculate d(u).
-1
Suppose -7*m + 132 = -771. Let y(w) = -m*w - w**2 + 264*w - 147*w + 1. Give y(-13).
-12
Let g(y) = 3*y - 7. Let d be g(4). Let s(m) = -d*m + 2 + 0*m - 5*m. Give s(2).
-18
Let j(h) = 2*h**3 + h**2 - h. Suppose -54 = -5*z - 3*c, 2*z = -5*c - 1 + 15. Let o(n) = 13 - z + 8*n**2 - n**3 - 6*n - n. Let f be o(7). Calculate j(f).
2
Let b(u) = 9*u + 141*u**3 - 139*u**3 - 12*u**2 + 2 - 2. Calculate b(5).
-5
Let p(i) = -i**3 + i**2. Let u be p(1). Suppose u = 26*m - 25*m + 6. Let o(b) = -2*b**2 - 10*b - 7. Calculate o(m).
-19
Let q(w) = -1 - 4 + 4*w - 3*w. Let s(h) = 4*h**2 - 13*h - 21. Let n(z) = 5*z**2 - 13*z - 21. Let y(d) = -5*n(d) + 6*s(d). Let j be y(-10). Give q(j).
4
Let p(l) = 2*l**2 - 4*l + 5. Let r(o) = -93*o - 4. Suppose 5*w - 16 = w, 0 = 3*j - 2*w + 11. Let d be r(j). Let n = 93 - d. Determine p(n).
21
Suppose 4*i - 101 = -i - t, -5*i + 4*t + 96 = 0. Let y(g) = -g**2 + 15*g + 93. Let m be y(i). Let s(u) = 2*u + 9. What is s(m)?
-5
Let h(r) = -r**3 + 7*r**2 - 8*r + 11. Suppose 12 = -x + 66*y - 69*y, 4*y + 24 = 0. Calculate h(x).
-1
Let l(b) be the second derivative of -114*b + 0 + 7*b**2 + 1/6*b**3. Give l(-12).
2
Let f(d) = 3*d**2 - 5*d + 1. Let p = 3838 + -3840. Let b(w) = w**2 + 0*w - 2 + 3 - w. Let v(k) = p*b(k) + f(k). Calculate v(5).
9
Let j = 166 - 154. Let m(g) = -j + 13*g + 11 - 15*g. Let c be (-8)/44 - 26/(-22). Determine m(c).
-3
Let g be 6/9*(252/(-8))/(-7). Suppose p - 2 = g. Suppose -3 = p*q - 18. Let t(w) = -w**3 + 5*w**2 - 3*w + 3. Determine t(q).
12
Let m be (660/(-88))/((-2)/(-4)). Let z(b) = -12 - 8*b + 0*b + 32 - 6*b - b**2. Determine z(m).
5
Let t(k) = 5*k**2 - 2*k - 1. Let r(n) = 401*n - 4. Let x be r(1). Suppose -x*s + 401*s = 8. Give t(s).
15
Let u(l) = -2*l - 1. Suppose -a - 40 = 2*p, 2*a + 3*p + 98 - 20 = 0. Let h = -31 - a. Suppose -4 = g - h*g. Give u(g).
-3
Let c(g) = -g + 8. Let b be c(4). Suppose n + 2*i = b, 0*n - n - i = -2. Let v(h) be the second derivative of -h**4/12 - h**3/6 + h**2 + 113*h - 8. Give v(n).
2
Let j(l) = 68*l**2 - l - 1. Suppose 3*c = 3*h - 3, -142*h + 141*h = -5*c - 9. Determine j(h).
68
Let m(w) = w. Let q be (15 + -6 - 13) + 9. Calculate m(q).
5
Let s(m) = -m**3 - 2*m**2 - 4*m - 8. Suppose l = 3*w + 12 - 5, -10 = 5*w - 2*l. Determine s(w).
40
Let n(u) = u**3 + u**2 + 2. Let k(a) = 2*a - 1. Let g(o) = -33*o - 114. Let f(m) = g(m) + 12*k(m). Let c be f(-14). Determine n(c).
2
Suppose -r + 12 = 2*r. Let z(s) be the first derivative of -s**3/6 - 61*s + 58. Let w(v) be the first derivative of z(v). Determine w(r).
-4
Let g(k) = 729*k - 5104. Let a be g(7). Let u(z) be the second derivative of 7*z**4/6 + 2*z. What is u(a)?
14
Let t(b) = -b**2 + 6*b + 4. Let a(j) = j - 16. Let h be a(15). Let v = h + 8. Suppose 0 = -v*x - x + 48. Give t(x).
4
Let t(d) = 32*d + 3. Let f be (-764)/1910*(-1 - -6). Give t(f).
-61
Let h be (-4)/14 - 46/(-14). Let k(q) be the first derivative of 11*q**2/2 - 5*q + 20. Let i(v) = 9*v - 4. Let u(r) = 6*i(r) - 5*k(r). Give u(h).
-2
Let r be 6/(-6) - (-1 - 10). Suppose 2*c + 5*m = -20, -3*c = -2*c - 4*m + r. Let n(f) = f**3 + 9*f**2 - 9*f + 9. Calculate n(c).
-1
Let m = -199 - -202. Suppose -51 = -m*n - 5*w - 5, 34 = 2*n + 4*w. Let c(k) = -k**2 + 7*k - 6 + 2*k + 0*k**2. Determine c(n).
8
Let k(f) be the first derivative of -f**5/20 + f**4/6 + f**3/6 + f**2/2 - 47*f + 45. Let z(s) be the first derivative of k(s). Calculate z(2).
3
Let v(a) = a**2 + 6*a - 59. Let c(p) = -192*p + 373. Let k be c(2). What is v(k)?
-4
Let o(z) = -2 + z - z**3 - 3*z**2 + 0*z**3 - 2*z. Let b be (0/3)/(((-81)/9)/(-3)) + -2. What is o(b)?
-4
Let v = -569 - -578. Let n(z) = -19*z**2 + 6 - 9*z - z**3 - 2*z**3 + 2*z**3 - v*z. Give n(-18).
6
Let x(q) = -12*q**2 - 2*q - 1. Let f(w) = 10*w + 57. Let z(d) = 11*d + 55. Let u(b) = -2*f(b) + 3*z(b). Let m be u(-4). Determine x(m).
-11
Let m(r) be the second derivative of -1/2*r**2 + 56 - 1/6*r**3 + 1/12*r**4 - r. What is m(-2)?
5
Let r(x) = -x**2 - 15*x - 47. Suppose 114*t + 13 = 115*t - 3*m, 5*m = 3*t - 7. Determine r(t).
-3
Suppose -t = 2*x - 56, 10*t - 4*x + 204 = 14*t. Let j(k) = k**2 - 49*k + 138. What is j(t)?
0
Let w(o) be the second derivative of -7/12*o**4 + 9 - 5*o + 5/6*o**3 + 1/2*o**2 + 1/20*o**5. What is w(7)?
36
Let r(h) = -h - 1. Let z(f) = 5*f - 5. Let u(n) = -3*n + 3. Let t(l) = -8*u(l) - 5*z(l). Let s(c) = 2*r(c) + t(c). Give s(-6).
17
Let k be (-622)/2 + (1 - -3 - 1). Let a be k/(-11) + (-2 - 2). Let g be 2/(2*((-4)/a + 0)). Let n(b) = -2*b - 7. What is n(g)?
5
Let d(l) = 20*l - 62. Let n(y) = 9*y - 34. Let j(m) = 4*d(m) - 7*n(m). Calculate j(4).
58
Let v(i) = -10*i + 8990 + 8998 + 8987 - 26941. Determine v(4).
-6
Let c(u) be the third derivative of -u**5/20 + 2*u**4/3 - 11*u**3/6 - 208*u**2 - 5*u. Give c(8).
-75
Let u(b) = -b**2 + 6*b - 1. Let f = -6 + 11. Suppose -15 - 25 = f*d. Let n(h) = 4*h + 35. Let q be n(d). Give u(q).
8
Let u be (3 - -1)*(-78)/24. Let o = u + 16. Let w be ((-1)/2)/(o/(-30)). Let a(j) = j. Calculate a(w).
5
Let k(d) = -2*d**2 + 3*d**2 - 30*d - 33*d - 4 + 69*d + 0. Let b(f) = f + 14. Let v be b(-10). Suppose -4*p + 33 = -5*n, -v*n = -2*p + p + 22. Determine k(n).
-9
Let m(y) be the third derivative of -6*y**6/5 + y**5/60 + y**4/24 + y**3/6 - 2*y**2 + 992*y - 2. Calculate m(-1).
145
Let q = 446 - 349. Suppose 2*d + 111 = q. Let b(c) be the third derivative of -c**5/60 - 7*c**4/24 - 5*c**3/6 + 2*c**2. What is b(d)?
-5
Let a(z) = -6*z**2. Suppose 2*b - 57 = -9. Suppose -2*i - 4*j - b = -8*j, -4*j = 2*i - 16. Calculate a(i).
-24
Let y(j) = -4*j**2 + 519626*j + 3*j**2 - 58 - 519645*j. Determine y(-15).
2
Let f(j) = -j**3 - 3*j**2 + 5*j - 2. Let v be (-9)/6*1 - (-327)/(-6). Let k be (-8 - 2)*(-28)/v. Give f(k).
23
Let q(v) = -v**2 + 27*v - 5. Let o(n) = -n**3 - 14*n**2 + 7*n + 27. Let d be o(0). Determine q(d).
-5
Suppose -47*i - 1700 = 791. Suppose -3*k - 54 - 93 = 0. Let o = k - i. Let j(a) = 2*a - 4. Determine j(o).
4
Let g(d) = -d - 4. Let f be (-1 - -5) + (-5 - 9). Let j be 16/(-10) + -3*f/(-75). Calculate g(j).
-2
Let y(m) = -6*m + 20. Let n(s) = -4*s + 1. Let o(f) = 2*n(f) - y(f). What is o(-12)?
6
Let s(z) be the first derivative of -z**5/60 + 5*z**4/12 + 17*z**3/6 - 64*z**2 + 29. Let y(b) be the second derivative of s(b). Determine y(11).
6
Let h(c) = 180*c - 364. 